{"id":2156,"date":"2024-03-06T12:46:11","date_gmt":"2024-03-06T11:46:11","guid":{"rendered":"https:\/\/www.aloe-vera-produkte-kaufen.de\/gesundheit\/produkt\/hair-skin-nails-gummies-6\/"},"modified":"2024-03-06T12:46:21","modified_gmt":"2024-03-06T11:46:21","slug":"hair-skin-nails-gummies-6","status":"publish","type":"product","link":"https:\/\/www.aloe-vera-produkte-kaufen.de\/gesundheit\/produkt\/hair-skin-nails-gummies-6\/","title":{"rendered":"Hair Skin Nails Gummies"},"content":{"rendered":"<p>*Spare 20% mit dem Code SPARE20. Einl\u00f6sbar im Warenkorb. Nicht kombinierbar mit weiteren Gutscheinen. Nur einmal pro Person einl\u00f6sbar. Nicht auf Sparsets, Sparabos oder bereits reduzierte Artikel einl\u00f6sbar. Ab einem Warenkorbwert von 49 Euro einl\u00f6sbar.. Die Hair Skin Nails Gummies schmecken nicht nur lecker nach Erdbeeren, sie passen auch perfekt in deine t\u00e4gliche Beauty Routine! Die Hair Gummies sorgen dank Zink f\u00fcr gesunde Haut, Haare und N\u00e4gel\u00b9 und enthalten au\u00dferdem Biotin, Silizium und Kollagen-Peptide. Kollagen ist ein Protein, das im K\u00f6rper zum Beispiel im Bindegewebe und in der Haut vorkommt. Die k\u00f6rpereigene Produktion von Kollagen nimmt im Alter ab. Daher enthalten unsere Hair Gummies Vitamin C, das die nat\u00fcrliche Kollagenproduktion in der Haut unterst\u00fctzt\u2074, Vitamin E sch\u00fctzt die Zellen wiederum von innen vor oxidativem Stress.\u00b2 Perfekt f\u00fcr einen sch\u00f6nen Glow!\u00b2- 60 leckere Gummies mit Erdbeer-Geschmack- mit Kollagen-Peptiden, Zink, Biotin &#038; Silizium &#8211; Vitamin C f\u00fcr Immunsystem\u00b3 und f\u00fcr die Kollagenproduktion in der Haut\u2074- ohne Gelatine, sowie gluten- und laktosefrei\u00b9Zink tr\u00e4gt zur Erhaltung normaler Haut, Haare und N\u00e4gel bei\u00b2Vitamin E tr\u00e4gt dazu bei, die Zellen vor oxidativem Stress zu sch\u00fctzen\u00b3Vitamin C tr\u00e4gt zu einer normalen Funktion des Immunsystems bei\u2074Vitamin C tr\u00e4gt zu einer normalen Kollagenbildung bei<\/p>\n<p>EUR0.00<\/p>\n<p>&nbsp;<\/p>\n<p>&nbsp;<\/p>\n","protected":false},"excerpt":{"rendered":"<p>*Spare 20% mit dem Code SPARE20. Einl\u00f6sbar im Warenkorb. Nicht kombinierbar mit weiteren Gutscheinen. Nur einmal pro Person einl\u00f6sbar. Nicht auf Sparsets, Sparabos oder bereits reduzierte Artikel einl\u00f6sbar. Ab einem Warenkorbwert von 49 Euro einl\u00f6sbar.. Die Hair Skin Nails Gummies schmecken nicht nur lecker nach Erdbeeren, sie passen auch perfekt in deine t\u00e4gliche Beauty Routine! [&hellip;]<\/p>\n","protected":false},"featured_media":2423,"comment_status":"closed","ping_status":"open","template":"","meta":{"site-sidebar-layout":"default","site-content-layout":"","ast-site-content-layout":"","site-content-style":"default","site-sidebar-style":"default","ast-global-header-display":"","ast-banner-title-visibility":"","ast-main-header-display":"","ast-hfb-above-header-display":"","ast-hfb-below-header-display":"","ast-hfb-mobile-header-display":"","site-post-title":"","ast-breadcrumbs-content":"","ast-featured-img":"","footer-sml-layout":"","theme-transparent-header-meta":"","adv-header-id-meta":"","stick-header-meta":"","header-above-stick-meta":"","header-main-stick-meta":"","header-below-stick-meta":"","astra-migrate-meta-layouts":"default","ast-page-background-enabled":"default","ast-page-background-meta":{"desktop":{"background-color":"var(--ast-global-color-4)","background-image":"","background-repeat":"repeat","background-position":"center center","background-size":"auto","background-attachment":"scroll","background-type":"","background-media":"","overlay-type":"","overlay-color":"","overlay-opacity":"","overlay-gradient":""},"tablet":{"background-color":"","background-image":"","background-repeat":"repeat","background-position":"center center","background-size":"auto","background-attachment":"scroll","background-type":"","background-media":"","overlay-type":"","overlay-color":"","overlay-opacity":"","overlay-gradient":""},"mobile":{"background-color":"","background-image":"","background-repeat":"repeat","background-position":"center center","background-size":"auto","background-attachment":"scroll","background-type":"","background-media":"","overlay-type":"","overlay-color":"","overlay-opacity":"","overlay-gradient":""}},"ast-content-background-meta":{"desktop":{"background-color":"var(--ast-global-color-5)","background-image":"","background-repeat":"repeat","background-position":"center center","background-size":"auto","background-attachment":"scroll","background-type":"","background-media":"","overlay-type":"","overlay-color":"","overlay-opacity":"","overlay-gradient":""},"tablet":{"background-color":"var(--ast-global-color-5)","background-image":"","background-repeat":"repeat","background-position":"center center","background-size":"auto","background-attachment":"scroll","background-type":"","background-media":"","overlay-type":"","overlay-color":"","overlay-opacity":"","overlay-gradient":""},"mobile":{"background-color":"var(--ast-global-color-5)","background-image":"","background-repeat":"repeat","background-position":"center center","background-size":"auto","background-attachment":"scroll","background-type":"","background-media":"","overlay-type":"","overlay-color":"","overlay-opacity":"","overlay-gradient":""}}},"product_brand":[],"product_cat":[86],"product_tag":[],"class_list":{"0":"post-2156","1":"product","2":"type-product","3":"status-publish","4":"has-post-thumbnail","6":"product_cat-nutrition","7":"desktop-align-left","8":"tablet-align-left","9":"mobile-align-left","11":"first","12":"instock","13":"product-type-external"},"yoast_head":"<!-- This site is optimized with the Yoast SEO plugin v24.7 - https:\/\/yoast.com\/wordpress\/plugins\/seo\/ -->\n<title>Hair Skin Nails Gummies &#060;<\/title>\n<meta name=\"robots\" content=\"index, follow, max-snippet:-1, max-image-preview:large, max-video-preview:-1\" \/>\n<link rel=\"canonical\" href=\"https:\/\/www.aloe-vera-produkte-kaufen.de\/gesundheit\/produkt\/hair-skin-nails-gummies-6\/\" \/>\n<meta property=\"og:locale\" content=\"de_DE\" \/>\n<meta property=\"og:type\" content=\"article\" \/>\n<meta property=\"og:title\" content=\"Hair Skin Nails Gummies &#060;\" \/>\n<meta property=\"og:description\" content=\"*Spare 20% mit dem Code SPARE20. Einl\u00f6sbar im Warenkorb. Nicht kombinierbar mit weiteren Gutscheinen. Nur einmal pro Person einl\u00f6sbar. Nicht auf Sparsets, Sparabos oder bereits reduzierte Artikel einl\u00f6sbar. Ab einem Warenkorbwert von 49 Euro einl\u00f6sbar.. Die Hair Skin Nails Gummies schmecken nicht nur lecker nach Erdbeeren, sie passen auch perfekt in deine t\u00e4gliche Beauty Routine! [&hellip;]\" \/>\n<meta property=\"og:url\" content=\"https:\/\/www.aloe-vera-produkte-kaufen.de\/gesundheit\/produkt\/hair-skin-nails-gummies-6\/\" \/>\n<meta property=\"article:modified_time\" content=\"2024-03-06T11:46:21+00:00\" \/>\n<meta property=\"og:image\" content=\"https:\/\/www.aloe-vera-produkte-kaufen.de\/gesundheit\/wp-content\/uploads\/2024\/03\/6er-set-hair-skin-nails-gummies-natures-way_0f38395e-32b0-4861-b397-60411d39594d.jpg\" \/>\n\t<meta property=\"og:image:width\" content=\"2048\" \/>\n\t<meta property=\"og:image:height\" content=\"2048\" \/>\n\t<meta property=\"og:image:type\" content=\"image\/jpeg\" \/>\n<meta name=\"twitter:card\" content=\"summary_large_image\" \/>\n<meta name=\"twitter:label1\" content=\"Gesch\u00e4tzte Lesezeit\" \/>\n\t<meta name=\"twitter:data1\" content=\"1\u00a0Minute\" \/>\n<script type=\"application\/ld+json\" class=\"yoast-schema-graph\">{\"@context\":\"https:\/\/schema.org\",\"@graph\":[{\"@type\":\"WebPage\",\"@id\":\"https:\/\/www.aloe-vera-produkte-kaufen.de\/gesundheit\/produkt\/hair-skin-nails-gummies-6\/\",\"url\":\"https:\/\/www.aloe-vera-produkte-kaufen.de\/gesundheit\/produkt\/hair-skin-nails-gummies-6\/\",\"name\":\"Hair Skin Nails Gummies &#060;\",\"isPartOf\":{\"@id\":\"https:\/\/www.aloe-vera-produkte-kaufen.de\/gesundheit\/#website\"},\"primaryImageOfPage\":{\"@id\":\"https:\/\/www.aloe-vera-produkte-kaufen.de\/gesundheit\/produkt\/hair-skin-nails-gummies-6\/#primaryimage\"},\"image\":{\"@id\":\"https:\/\/www.aloe-vera-produkte-kaufen.de\/gesundheit\/produkt\/hair-skin-nails-gummies-6\/#primaryimage\"},\"thumbnailUrl\":\"https:\/\/www.aloe-vera-produkte-kaufen.de\/gesundheit\/wp-content\/uploads\/2024\/03\/6er-set-hair-skin-nails-gummies-natures-way_0f38395e-32b0-4861-b397-60411d39594d.jpg\",\"datePublished\":\"2024-03-06T11:46:11+00:00\",\"dateModified\":\"2024-03-06T11:46:21+00:00\",\"breadcrumb\":{\"@id\":\"https:\/\/www.aloe-vera-produkte-kaufen.de\/gesundheit\/produkt\/hair-skin-nails-gummies-6\/#breadcrumb\"},\"inLanguage\":\"de\",\"potentialAction\":[{\"@type\":\"ReadAction\",\"target\":[\"https:\/\/www.aloe-vera-produkte-kaufen.de\/gesundheit\/produkt\/hair-skin-nails-gummies-6\/\"]}]},{\"@type\":\"ImageObject\",\"inLanguage\":\"de\",\"@id\":\"https:\/\/www.aloe-vera-produkte-kaufen.de\/gesundheit\/produkt\/hair-skin-nails-gummies-6\/#primaryimage\",\"url\":\"https:\/\/www.aloe-vera-produkte-kaufen.de\/gesundheit\/wp-content\/uploads\/2024\/03\/6er-set-hair-skin-nails-gummies-natures-way_0f38395e-32b0-4861-b397-60411d39594d.jpg\",\"contentUrl\":\"https:\/\/www.aloe-vera-produkte-kaufen.de\/gesundheit\/wp-content\/uploads\/2024\/03\/6er-set-hair-skin-nails-gummies-natures-way_0f38395e-32b0-4861-b397-60411d39594d.jpg\",\"width\":2048,\"height\":2048},{\"@type\":\"BreadcrumbList\",\"@id\":\"https:\/\/www.aloe-vera-produkte-kaufen.de\/gesundheit\/produkt\/hair-skin-nails-gummies-6\/#breadcrumb\",\"itemListElement\":[{\"@type\":\"ListItem\",\"position\":1,\"name\":\"Startseite\",\"item\":\"https:\/\/www.aloe-vera-produkte-kaufen.de\/gesundheit\/\"},{\"@type\":\"ListItem\",\"position\":2,\"name\":\"Shop\",\"item\":\"https:\/\/www.aloe-vera-produkte-kaufen.de\/gesundheit\/shop-2\/\"},{\"@type\":\"ListItem\",\"position\":3,\"name\":\"Hair Skin Nails Gummies\"}]},{\"@type\":\"WebSite\",\"@id\":\"https:\/\/www.aloe-vera-produkte-kaufen.de\/gesundheit\/#website\",\"url\":\"https:\/\/www.aloe-vera-produkte-kaufen.de\/gesundheit\/\",\"name\":\"\",\"description\":\"\",\"potentialAction\":[{\"@type\":\"SearchAction\",\"target\":{\"@type\":\"EntryPoint\",\"urlTemplate\":\"https:\/\/www.aloe-vera-produkte-kaufen.de\/gesundheit\/?s={search_term_string}\"},\"query-input\":{\"@type\":\"PropertyValueSpecification\",\"valueRequired\":true,\"valueName\":\"search_term_string\"}}],\"inLanguage\":\"de\"}]}<\/script>\n<!-- \/ Yoast SEO plugin. -->","yoast_head_json":{"title":"Hair Skin Nails Gummies &#060;","robots":{"index":"index","follow":"follow","max-snippet":"max-snippet:-1","max-image-preview":"max-image-preview:large","max-video-preview":"max-video-preview:-1"},"canonical":"https:\/\/www.aloe-vera-produkte-kaufen.de\/gesundheit\/produkt\/hair-skin-nails-gummies-6\/","og_locale":"de_DE","og_type":"article","og_title":"Hair Skin Nails Gummies &#060;","og_description":"*Spare 20% mit dem Code SPARE20. Einl\u00f6sbar im Warenkorb. Nicht kombinierbar mit weiteren Gutscheinen. Nur einmal pro Person einl\u00f6sbar. Nicht auf Sparsets, Sparabos oder bereits reduzierte Artikel einl\u00f6sbar. Ab einem Warenkorbwert von 49 Euro einl\u00f6sbar.. Die Hair Skin Nails Gummies schmecken nicht nur lecker nach Erdbeeren, sie passen auch perfekt in deine t\u00e4gliche Beauty Routine! [&hellip;]","og_url":"https:\/\/www.aloe-vera-produkte-kaufen.de\/gesundheit\/produkt\/hair-skin-nails-gummies-6\/","article_modified_time":"2024-03-06T11:46:21+00:00","og_image":[{"width":2048,"height":2048,"url":"https:\/\/www.aloe-vera-produkte-kaufen.de\/gesundheit\/wp-content\/uploads\/2024\/03\/6er-set-hair-skin-nails-gummies-natures-way_0f38395e-32b0-4861-b397-60411d39594d.jpg","type":"image\/jpeg"}],"twitter_card":"summary_large_image","twitter_misc":{"Gesch\u00e4tzte Lesezeit":"1\u00a0Minute"},"schema":{"@context":"https:\/\/schema.org","@graph":[{"@type":"WebPage","@id":"https:\/\/www.aloe-vera-produkte-kaufen.de\/gesundheit\/produkt\/hair-skin-nails-gummies-6\/","url":"https:\/\/www.aloe-vera-produkte-kaufen.de\/gesundheit\/produkt\/hair-skin-nails-gummies-6\/","name":"Hair Skin Nails Gummies &#060;","isPartOf":{"@id":"https:\/\/www.aloe-vera-produkte-kaufen.de\/gesundheit\/#website"},"primaryImageOfPage":{"@id":"https:\/\/www.aloe-vera-produkte-kaufen.de\/gesundheit\/produkt\/hair-skin-nails-gummies-6\/#primaryimage"},"image":{"@id":"https:\/\/www.aloe-vera-produkte-kaufen.de\/gesundheit\/produkt\/hair-skin-nails-gummies-6\/#primaryimage"},"thumbnailUrl":"https:\/\/www.aloe-vera-produkte-kaufen.de\/gesundheit\/wp-content\/uploads\/2024\/03\/6er-set-hair-skin-nails-gummies-natures-way_0f38395e-32b0-4861-b397-60411d39594d.jpg","datePublished":"2024-03-06T11:46:11+00:00","dateModified":"2024-03-06T11:46:21+00:00","breadcrumb":{"@id":"https:\/\/www.aloe-vera-produkte-kaufen.de\/gesundheit\/produkt\/hair-skin-nails-gummies-6\/#breadcrumb"},"inLanguage":"de","potentialAction":[{"@type":"ReadAction","target":["https:\/\/www.aloe-vera-produkte-kaufen.de\/gesundheit\/produkt\/hair-skin-nails-gummies-6\/"]}]},{"@type":"ImageObject","inLanguage":"de","@id":"https:\/\/www.aloe-vera-produkte-kaufen.de\/gesundheit\/produkt\/hair-skin-nails-gummies-6\/#primaryimage","url":"https:\/\/www.aloe-vera-produkte-kaufen.de\/gesundheit\/wp-content\/uploads\/2024\/03\/6er-set-hair-skin-nails-gummies-natures-way_0f38395e-32b0-4861-b397-60411d39594d.jpg","contentUrl":"https:\/\/www.aloe-vera-produkte-kaufen.de\/gesundheit\/wp-content\/uploads\/2024\/03\/6er-set-hair-skin-nails-gummies-natures-way_0f38395e-32b0-4861-b397-60411d39594d.jpg","width":2048,"height":2048},{"@type":"BreadcrumbList","@id":"https:\/\/www.aloe-vera-produkte-kaufen.de\/gesundheit\/produkt\/hair-skin-nails-gummies-6\/#breadcrumb","itemListElement":[{"@type":"ListItem","position":1,"name":"Startseite","item":"https:\/\/www.aloe-vera-produkte-kaufen.de\/gesundheit\/"},{"@type":"ListItem","position":2,"name":"Shop","item":"https:\/\/www.aloe-vera-produkte-kaufen.de\/gesundheit\/shop-2\/"},{"@type":"ListItem","position":3,"name":"Hair Skin Nails Gummies"}]},{"@type":"WebSite","@id":"https:\/\/www.aloe-vera-produkte-kaufen.de\/gesundheit\/#website","url":"https:\/\/www.aloe-vera-produkte-kaufen.de\/gesundheit\/","name":"","description":"","potentialAction":[{"@type":"SearchAction","target":{"@type":"EntryPoint","urlTemplate":"https:\/\/www.aloe-vera-produkte-kaufen.de\/gesundheit\/?s={search_term_string}"},"query-input":{"@type":"PropertyValueSpecification","valueRequired":true,"valueName":"search_term_string"}}],"inLanguage":"de"}]}},"_links":{"self":[{"href":"https:\/\/www.aloe-vera-produkte-kaufen.de\/gesundheit\/wp-json\/wp\/v2\/product\/2156","targetHints":{"allow":["GET"]}}],"collection":[{"href":"https:\/\/www.aloe-vera-produkte-kaufen.de\/gesundheit\/wp-json\/wp\/v2\/product"}],"about":[{"href":"https:\/\/www.aloe-vera-produkte-kaufen.de\/gesundheit\/wp-json\/wp\/v2\/types\/product"}],"replies":[{"embeddable":true,"href":"https:\/\/www.aloe-vera-produkte-kaufen.de\/gesundheit\/wp-json\/wp\/v2\/comments?post=2156"}],"wp:featuredmedia":[{"embeddable":true,"href":"https:\/\/www.aloe-vera-produkte-kaufen.de\/gesundheit\/wp-json\/wp\/v2\/media\/2423"}],"wp:attachment":[{"href":"https:\/\/www.aloe-vera-produkte-kaufen.de\/gesundheit\/wp-json\/wp\/v2\/media?parent=2156"}],"wp:term":[{"taxonomy":"product_brand","embeddable":true,"href":"https:\/\/www.aloe-vera-produkte-kaufen.de\/gesundheit\/wp-json\/wp\/v2\/product_brand?post=2156"},{"taxonomy":"product_cat","embeddable":true,"href":"https:\/\/www.aloe-vera-produkte-kaufen.de\/gesundheit\/wp-json\/wp\/v2\/product_cat?post=2156"},{"taxonomy":"product_tag","embeddable":true,"href":"https:\/\/www.aloe-vera-produkte-kaufen.de\/gesundheit\/wp-json\/wp\/v2\/product_tag?post=2156"}],"curies":[{"name":"wp","href":"https:\/\/api.w.org\/{rel}","templated":true}]}}